 the greatest common divisor of 3783170879 and 67.
67
Calculate the greatest common divisor of 7631 and 72631.
13
Calculate the highest common factor of 243253152 and 162.
54
What is the highest common divisor of 404213775 and 1022?
511
Calculate the highest common divisor of 1064 and 953717464.
1064
What is the highest common divisor of 12772802 and 14?
14
What is the highest common divisor of 9706 and 344141?
211
What is the highest common divisor of 33800 and 521680?
40
What is the greatest common factor of 153 and 24561?
9
Calculate the highest common divisor of 2471748 and 1369.
37
Calculate the highest common factor of 49840 and 92009624.
4984
Calculate the greatest common factor of 379512 and 158718.
42
What is the greatest common divisor of 4430 and 206180?
10
What is the greatest common divisor of 5440 and 3621340?
340
Calculate the greatest common factor of 4174264 and 8720.
872
Calculate the greatest common factor of 10585286 and 24431.
2221
What is the greatest common divisor of 1932693 and 903?
21
Calculate the highest common divisor of 209714 and 205390.
2162
Calculate the greatest common factor of 175568 and 352.
16
Calculate the highest common factor of 33180 and 370194.
474
What is the highest common factor of 61048 and 57589396?
2348
Calculate the highest common divisor of 447485 and 65.
5
What is the greatest common factor of 64 and 8615184?
16
Calculate the greatest common divisor of 161336 and 181034.
938
Calculate the highest common divisor of 130288 and 80240.
272
Calculate the highest common divisor of 87924138 and 53.
53
What is the highest common factor of 165571 and 26474?
217
Calculate the highest common divisor of 10264 and 43374381.
1283
Calculate the greatest common factor of 625 and 2454385.
5
Calculate the highest common divisor of 441064363 and 1.
1
What is the highest common factor of 8010 and 271620?
90
Calculate the greatest common factor of 2136722 and 854.
14
Calculate the greatest common divisor of 854 and 14038724.
14
What is the greatest common factor of 864710 and 187880?
770
What is the greatest common divisor of 122544 and 12099?
111
Calculate the highest common divisor of 60 and 121991940.
60
Calculate the greatest common factor of 2611 and 5675941.
373
Calculate the greatest common factor of 923566 and 443702.
574
Calculate the greatest common factor of 54408371 and 48227.
1663
What is the greatest common factor of 5590 and 98490?
10
What is the highest common divisor of 16000203 and 115173?
201
Calculate the highest common factor of 202580859 and 13.
13
What is the highest common divisor of 565246 and 264?
22
Calculate the highest common divisor of 240342451 and 902.
41
What is the highest common factor of 5544 and 2695154616?
5544
Calculate the highest common factor of 214127 and 54755.
233
Calculate the greatest common factor of 25600 and 24280.
40
Calculate the greatest common divisor of 8399 and 116439.
37
What is the greatest common divisor of 18677995 and 2968?
371
Calculate the greatest common factor of 1045701 and 1017.
9
Calculate the highest common divisor of 114057805 and 7087.
373
Calculate the highest common divisor of 22470 and 147910.
70
What is the greatest common factor of 3246660 and 465?
15
Calculate the greatest common divisor of 9559495 and 7160.
895
Calculate the greatest common divisor of 811464 and 89304.
24
What is the greatest common divisor of 16821 and 110153520?
2403
What is the highest common factor of 32791610 and 2950?
590
Calculate the greatest common factor of 30700767 and 131.
131
What is the greatest common divisor of 164634 and 5750?
46
Calculate the greatest common divisor of 12996 and 7248519.
3249
Calculate the highest common divisor of 1317 and 2477.
1
Calculate the highest common factor of 1003 and 147148124.
1003
What is the greatest common factor of 25295293 and 181?
181
What is the highest common factor of 1230690 and 9870?
30
What is the greatest common factor of 52218 and 2487124?
1934
What is the highest common factor of 6820428 and 886?
886
Calculate the greatest common factor of 9 and 97804521.
9
Calculate the greatest common divisor of 682970 and 15485.
815
Calculate the highest common factor of 5638 and 535604362.
5638
Calculate the highest common factor of 593837745 and 915.
915
Calculate the greatest common factor of 13446 and 37713042.
1494
What is the highest common divisor of 1071510 and 506?
22
Calculate the highest common divisor of 51398 and 992.
62
Calculate the greatest common divisor of 981761 and 99979.
1639
Calculate the greatest common factor of 168804 and 62388.
36
What is the highest common divisor of 92247270 and 2292?
1146
Calculate the greatest common divisor of 12654509 and 8728.
1091
What is the greatest common factor of 9114 and 3196711?
49
Calculate the greatest common divisor of 33128580 and 6.
6
What is the highest common factor of 1420 and 72584720?
1420
Calculate the highest common factor of 3135 and 91301650.
1045
What is the highest common factor of 434419 and 13816?
157
Calculate the greatest common factor of 15855655 and 25.
5
Calculate the highest common factor of 5749018 and 220.
22
What is the greatest common factor of 5320807 and 209711?
4877
Calculate the greatest common factor of 164226 and 1936776.
606
What is the greatest common factor of 378 and 2341317636?
378
What is the highest common factor of 24410 and 443251426?
4882
Calculate the highest common divisor of 82 and 434550308.
82
What is the highest common divisor of 55107 and 1269?
27
What is the highest common factor of 167497 and 1133?
11
What is the highest common divisor of 186 and 66361917?
93
Calculate the greatest common factor of 1767 and 2028801.
57
Calculate the highest common factor of 7231721 and 4438.
2219
Calculate the highest common factor of 47376 and 6430305.
987
Calculate the highest common factor of 562041 and 387.
9
Calculate the highest common factor of 3765 and 1467990.
15
What is the greatest common divisor of 3631622 and 1?
1
What is the highest common factor of 171830332 and 184?
92
What is the highest common factor of 244381100 and 14010?
4670
What is the greatest common factor of 345733 and 11?
1
What is the highest common factor of 8512 and 42199?
19
Calculate the highest common factor of 919 and 244050559.
919
What is the highest common divisor of 722778 and 194502?
42
Calculate the highest common divisor of 19261243 and 8095.
1619
What is the highest common divisor of 8298249 and 333?
111
Calculate the greatest common divisor of 252 and 606618.
18
What is the greatest common factor of 257584 and 249061?
947
What is the greatest common factor of 3303980 and 17255302?
10658
Calculate the greatest common divisor of 64541856 and 288.
96
What is the highest common divisor of 11778 and 1533858?
906
What is the highest common divisor of 297134 and 365284?
2726
What is the greatest common factor of 474544 and 2128?
2128
Calculate the greatest common divisor of 930520 and 88537.
43
Calculate the highest common factor of 4 and 5125517.
1
Calculate the highest common divisor of 28872971 and 303.
101
Calculate the greatest common factor of 15415192 and 15912.
1768
Calculate the highest common factor of 29475 and 6388650.
225
Calculate the greatest common factor of 14120 and 436791610.
3530
What is the greatest common divisor of 20 and 1133135?
5
Calculate the highest common divisor of 80920 and 67620.
140
What is the highest common factor of 28543 and 234549?
1241
Calculate the highest common divisor of 7820 and 1320499.
23
What is the highest common factor of 45365 and 15942105?
1055
What is the greatest common divisor of 6136 and 1022552?
8
What is the greatest common divisor of 19233284 and 392?
196
What is the highest common factor of 36498592 and 459329?
5161
Calculate the greatest common factor of 144 and 230551326.
18
Calculate the greatest common factor of 180 and 892637370.
90
What is the greatest common factor of 954 and 4277100?
318
Calculate the highest common factor of 161149340 and 60.
20
What is the greatest common divisor of 178547 and 1296661?
2927
Calculate the highest common divisor of 20103 and 7107.
3
What is the greatest common factor of 549 and 9235217?
61
Calculate the greatest common divisor of 26 and 308